et u = 253 + 361. What is the tens digit of u?
1
Let k be (-3420)/66 - (-4)/(-22). Let p be (k/(-20) - 2)*10. Let u = 3 + p. What is the units digit of u?
9
Let i = -169 + 161. What is the units digit of (-5 - i)/(1*(-3)/(-23))?
3
Suppose -1328 = 24*l - 25*l. What is the tens digit of l?
2
Let h(z) = -z**3 - 13*z**2 - 15*z + 3. Let n be -4 + 3 + (-2 - 27). Let m be (2/5)/1*n. What is the units digit of h(m)?
9
Let q = 56 + 534. What is the tens digit of q?
9
Suppose 4*r + 54 - 6 = 0. Let g = r - -13. Let s(c) = 11*c**3 - c**2 - c + 1. What is the tens digit of s(g)?
1
Let n be -27*(-2 - (-9)/(-3)). Suppose -3*a + 6*a = n. Let q = -19 + a. What is the tens digit of q?
2
Let q(n) = n**2 - 4 - 10*n - 2*n**2 + 2. Let y be -9 + (-5 - (-28)/4). What is the tens digit of q(y)?
1
Let p(o) = 118*o**3 + 3*o**2 - o - 4. What is the tens digit of p(2)?
5
Let u = -72 + 71. What is the tens digit of (2 + u)*(27 + 4)?
3
Suppose -5*h = -3*i - 6, -i + 4*h = -0*i + 9. Suppose -c + 0*r + r - 253 = 0, c + 261 = -i*r. What is the units digit of c/(-9) + (-2)/6?
8
Suppose -69 = -5*u + 4*u. Suppose 14*c - 11*c + 144 = 0. Let q = c + u. What is the tens digit of q?
2
Let d(u) = -3*u**3 - u - 15. Let g be d(-3). Let o = g + 71. What is the tens digit of o?
4
Suppose -5*c + 1822 = 3*j, -2*j = -c + 3*c - 728. Let x = c + -52. What is the tens digit of x?
1
Let o(y) = -234*y + 232*y + 4*y**2 - 3*y**2 + 7*y**3. Let u be o(2). Suppose z = 4 + u. What is the units digit of z?
0
Suppose 0 = -5*z - 3*g + 2004, 0 = 4*z + g + 2*g - 1605. Suppose -5*t = -z + 84. What is the units digit of t?
3
Suppose -3*k - 594 = -3*l, 5 = 6*k - 5*k. What is the hundreds digit of l?
2
Suppose -5*t + 6 = -2*t. Let p be t + (2 - -6)/1. Let k(n) = n**2 - 7*n - 17. What is the units digit of k(p)?
3
Suppose 0*w + 3*w + r - 4079 = 0, 0 = -3*w + r + 4081. What is the tens digit of w?
6
Let s be (1 - 26/(-6)) + 8/12. Suppose -s*u + 549 = -879. What is the tens digit of u?
3
Suppose 520*f = 530*f - 8140. What is the units digit of f?
4
Let k(h) = h**3 - 8*h**2 - 9*h - 2. Let r be k(9). Let u be r*((-5)/2)/1. Suppose 0 = -0*j + u*j - 265. What is the tens digit of j?
5
Suppose 14*k - 6802 = 1136. What is the hundreds digit of k?
5
Let a(u) = -380*u + 136. What is the hundreds digit of a(-14)?
4
Let t(m) = -59*m - 3. Let o be t(6). Let x = -198 - o. Suppose -2*f - 5*g + 67 = -48, 0 = 3*f + 3*g - x. What is the units digit of f?
0
What is the hundreds digit of 4480 - (7 + 3 - 0)?
4
Suppose -4*o + 40 = 8. Suppose 4*u - o - 4 = 0. Suppose -120 = -2*y - u*y. What is the units digit of y?
4
Let i(r) = -3*r - 12. Suppose -5*b + 14 - 54 = 0. What is the units digit of i(b)?
2
Suppose x - 2298 = -i, -2173 = -i - 5*x + 109. What is the thousands digit of i?
2
Suppose 0 = 3*r + 4*f - 56, r + 3*f = -4*r + 108. Let s = r + -16. What is the tens digit of 3 - 28/s*-10?
3
Let s(g) = -2*g**2 + 8*g + 1. Let a be s(-4). What is the units digit of 18/a - 298/(-14)?
1
Let a(n) = 6*n**2 + 60*n - 8. What is the hundreds digit of a(7)?
7
Let s = -7745 - -13213. What is the thousands digit of s?
5
Suppose -6*m + 3*m = -15. Let v = m + -3. Suppose 2 + 8 = v*y. What is the units digit of y?
5
Suppose -i = 4, 5*b - 10*b - i = -6221. What is the thousands digit of b?
1
Suppose 4*s - s - 3*b = 780, s - 250 = -b. Suppose 0 = 4*g - 357 - s. What is the units digit of g?
3
Suppose -2*w + 8 = k - 3, 29 = 3*k + 5*w. Suppose -2*q = k*q - 125. What is the tens digit of q?
2
Let g be -2*5/((-40)/(-236)). Suppose 0*b + 4*b + 133 = -v, 3*b - 4*v + 95 = 0. Let n = b - g. What is the tens digit of n?
2
Suppose 4*w - 3*p - 3 + 0 = 0, -p = -2*w + 3. Suppose -5*g + 2*c = -163 - 37, w*g - 4*c - 106 = 0. What is the tens digit of g?
4
Let b be ((-86)/(-8))/(8/32). Let z = b + -24. What is the units digit of z?
9
Let k = -41 + 47. Suppose -k*c = -8*c + 26. What is the units digit of c?
3
Let v = -9 + 29. What is the units digit of (v/3 - -5) + (-1)/(-3)?
2
Suppose 0 = -12*f + 24. Let a be (-11)/2 - (-2)/4. What is the tens digit of f/a - 327/(-5)?
6
Suppose -4*u = 2*l + 42, -u + 22 = -2*l - 0*u. Let s = l - -26. Let j = s - -39. What is the tens digit of j?
5
Let z(k) = -k**3 + 8*k**2 + 2*k - 3. Let h be z(6). Suppose 5*m - 5*n - 195 + 20 = 0, -3*m - 3*n + h = 0. What is the tens digit of m?
3
Let n(d) be the third derivative of -7/24*d**4 - 5/6*d**3 + 0 + 0*d - 4*d**2. What is the units digit of n(-3)?
6
Suppose v + v - 4 = 0. Suppose -2*m = -8 - v. Suppose 5 + 67 = 5*w - 4*p, -2*w = -m*p - 22. What is the units digit of w?
6
Let f = 7 - 2. Suppose c = -3 + f. Suppose -c*t + t + 27 = 0. What is the units digit of t?
7
Let h(k) = k**3 + 6*k**2 - 5*k - 2. Let o be h(-3). Let j be 108/(-10)*o/(-6). Suppose -j = -7*m + 3*m. What is the units digit of m?
8
Let l = -711 + 1385. Let n = l - 348. What is the hundreds digit of n?
3
Let f(a) = a**3 - 2*a**2 - 10*a - 12. Let z(k) = 2*k**3 - 4*k**2 - 19*k - 24. Let q(t) = -5*f(t) + 3*z(t). What is the tens digit of q(5)?
2
Let o = -8 - -12. Suppose z - 8 = 3*u - 1, 4*u = -o*z - 20. Let g(q) = -4*q - 1. What is the units digit of g(z)?
7
What is the units digit of (-3148)/(-14)*(-231)/(-66)?
7
What is the hundreds digit of 7 + 1158 + -6 - 2?
1
Suppose 2*m + 46 = -4*g, 4*m + 56 = -4*g - 0*g. Let w = g - 3. Let u = w + 19. What is the units digit of u?
7
Let b be 8/12 + (177/(-9) - 2). What is the tens digit of (16*(-4)/6)/(7/b)?
3
Let d(m) = -10*m + 990. What is the units digit of d(-23)?
0
Suppose 172*g = 161*g + 7040. What is the units digit of g?
0
Let c = -32 - -22. Let g(o) = 2*o + 24. Let z be g(c). What is the units digit of z/((16/(-20))/(-2))?
0
Suppose 5*j = -g - 12, 3*g + j = -g + 9. What is the tens digit of 1*(46 + 0/g)?
4
Suppose -2196 = 9*q - 15*q. What is the hundreds digit of q?
3
Suppose -3*p + 2106 = 4*v, 15 + 1390 = 2*p + 3*v. What is the hundreds digit of p?
6
Let d(n) = n**2 + 4*n + 3. Let w be d(4). Let s = -22 + 0. Let q = w + s. What is the units digit of q?
3
Suppose 13 = 4*k - 7, 5*m + 2*k = 2365. What is the units digit of m?
1
Let g(m) = 3*m + 16. Let b be g(-9). Let y be 2/b - (-92)/22. Let r = 22 - y. What is the tens digit of r?
1
Let h = -88 + -12. Let u = -67 - h. What is the tens digit of u?
3
Suppose 4*t - 2117 = -3*i, -4 + 2115 = 4*t + i. What is the units digit of t?
7
Suppose 2*x - v - 580 = v, 2*x - 4*v = 580. What is the tens digit of x?
9
Suppose -8 = 4*i + 5*r - 148, -i + 4*r + 56 = 0. Let m be ((-14)/(-21))/((-1)/15). What is the units digit of (-58)/m + 8/i?
6
What is the units digit of ((-876)/(-14))/(35/980)?
2
Suppose 0 = -2*q - 0*q - 696. What is the units digit of (q/10)/((-30)/75)?
7
What is the tens digit of (-5)/((-15)/382)*(1 - -2)?
8
Suppose 0 = 4*n - 2*n - 5*y - 49, -5*n - 2*y + 195 = 0. What is the units digit of n?
7
What is the tens digit of (-4*(-3202)/(-16))/((-1)/2)?
0
Let z(q) be the third derivative of 16*q**5/15 - q**3/6 + 9*q**2. Let n be z(1). Let t = n - 25. What is the tens digit of t?
3
Let v(u) = -11*u - 8. Suppose 14 = -2*t + 2. What is the tens digit of v(t)?
5
Suppose 4*n + 19 = -5*b, 5*n + 37 = -4*b + 11. What is the units digit of (12 - 3)*(-2)/n?
3
Suppose 0 = 8*f - 13*f - 15. What is the units digit of f + 4 + -1 - -150?
0
Let u(p) = -p**2 - 3*p - 2. Let x be u(-3). Let y be -1 + 3 + 0 - x. What is the units digit of y/20 + (-318)/(-10)?
2
Let n(s) = -5*s**3 - 14*s**2 - 10*s - 17. Let d(k) = -9*k**3 - 28*k**2 - 19*k - 34. Let m(v) = -6*d(v) + 11*n(v). What is the tens digit of m(14)?
7
Suppose -5*z + r = -22040, 5*r = 4*z - 3*z - 4384. What is the hundreds digit of z?
4
Let m = 342 - -1351. What is the thousands digit of m?
1
Let x = 30 + -43. Let a(q) = -q**2 - 15*q + 14. What is the units digit of a(x)?
0
Let i(s) be the second derivative of s**5/20 - s**4/12 + s**3/6 + 51*s**2/2 - 3*s. What is the units digit of i(0)?
1
Let g(z) be the first derivative of z**4/4 - 5*z**3/3 - 5*z**2/2 + 6*z + 5. Let b be g(4). What is the tens digit of b*((-36)/(-15) - 3)?
1
Suppose -u - 5 = -j, 2*u - 4*u - 11 = -3*j. Let k be j/(-2)*(-19 + -7). Let c = -10 + k. What is the units digit of c?
3
Let p(v) = 0 - 5*v + 3 - 2*v + 6. Suppose 2*a = 2*f - 1 - 7, -2*f - 28 = 4*a. What is the units digit of p(a)?
1
Let g = 408 - 267. Let y = 203 - g. What i